(s) = -s + 9. Let x be j(4). Let u be x + (-2)/1 - -65. Suppose 3*c + c = u. What are the prime factors of c?
17
Suppose 2*v - 4*g - 1794 = 1078, v = g + 1435. List the prime factors of v.
2, 3, 239
Let l = 8 + -4. Suppose 70 = 5*h - 5*b, 0 = -l*h - 9*b + 4*b + 11. What are the prime factors of h?
3
Suppose -18*f + 34783 - 2779 = 0. List the prime factors of f.
2, 7, 127
Suppose k + 4*a + 16 = 4*k, 0 = -k + 5*a - 2. Let c be -4*(-1 + 0) - 0. Let o = k - c. What are the prime factors of o?
2
What are the prime factors of -2*3*(-706)/12?
353
Let m(a) = a**2 - 2*a - 14. Let z be m(7). Let k be (-2)/(-9)*3*3. What are the prime factors of k + z + 4 - -4?
31
Let q(w) = w**2 - w - 4. Let l be q(4). Let r(i) = -i**3 - 14*i**2. Let a be r(-14). Suppose a*f + f = l. What are the prime factors of f?
2
Suppose -d + f + 1020 = 3*f, -2045 = -2*d - 3*f. List the prime factors of d.
2, 5, 103
Let s(n) = -173*n + 2. Let x = -34 + 33. What are the prime factors of s(x)?
5, 7
Suppose 4*t - 6*t + 22 = 0. List the prime factors of t/((-220)/8) + (-864)/(-10).
2, 43
Let h be ((-355)/10)/(4/(-32)). Suppose -4*j + 2*v + 294 = -94, -2*v = 3*j - h. List the prime factors of j.
2, 3
Suppose u = -4*t - 2, 3*t - 2*u = -2 + 6. Suppose 0*r - 2*r + 314 = t. List the prime factors of r.
157
Let x = -12 - -7. Let o(d) = 7*d + 3 - 7 + 2*d**2 + 3. What are the prime factors of o(x)?
2, 7
Suppose 4*t + t = 10. Suppose -5*p + 2 = 2*a, -5*p - 16 = t*a + 2*a. Let l = a + 41. List the prime factors of l.
2
Let x(c) = c + 28. Suppose -44 = -0*d + 4*d. What are the prime factors of x(d)?
17
Let d(i) = 14 + 46*i + 11 - 10*i - 29. Let q be d(2). Suppose -q = -2*j - 0*j - 3*t, 5*t = 5*j - 145. What are the prime factors of j?
31
Let c(s) = -14*s**2 + 74*s - 71. Let k(l) = 5*l**2 - 25*l + 24. Let x(d) = -6*c(d) - 17*k(d). What are the prime factors of x(-12)?
2, 3, 17
Let r(y) = -y**2 - 7*y + 6. Let p be r(-6). Suppose p*o = 191 + 157. What are the prime factors of o?
29
Suppose -30 = -5*x + 380. Suppose -225 = -5*a - 5*s, -5*a + 127 + x = -3*s. What are the prime factors of a?
43
Let v(r) = 51*r - 22. Let g be v(6). Suppose -5*y = -3*y - g. Suppose -b = 5*q - 165, -4*q - 10 = -2*b - y. List the prime factors of q.
3, 11
Let v = -119 - -127. Let f be 0/(1 - 2) + -62. Let n = v - f. What are the prime factors of n?
2, 5, 7
Suppose 3*t - 3*y = 3537, -t + 0*t - y + 1177 = 0. List the prime factors of t.
2, 19, 31
Let o(b) = 28*b - 61. What are the prime factors of o(10)?
3, 73
Let r(c) = -c**2 - 14*c - 17. Let a be r(7). Let w = a - -297. What are the prime factors of w?
7, 19
Let z(i) = i**2 + 24*i - 77. List the prime factors of z(-37).
2, 101
Let o = 4257 + -1475. List the prime factors of o.
2, 13, 107
Suppose -29*w = -26*w + 69. Let x = w - -23. Suppose -4*t + 2*o + 184 = x, 2*o = -5*t - 0*o + 239. List the prime factors of t.
47
Let k(p) = -11*p**3 - 3*p**2 + p + 16. What are the prime factors of k(-4)?
2, 167
Let y = 14 + -13. Let v be (-2 + 6)/(y*4). What are the prime factors of ((-4)/(-8)*26)/v?
13
What are the prime factors of 190*(4 - 6/12)?
5, 7, 19
Suppose -67*z = -62*z - 16155. List the prime factors of z.
3, 359
Suppose 27 = 4*d + 4*f + f, 3*d = 5*f - 6. Suppose 5*g + 2*c - 85 = 30, -d*g = c - 69. What are the prime factors of g?
23
Let u(c) = c**3 - 35*c**2 - 49*c + 84. What are the prime factors of u(39)?
3, 11, 43
Let n(a) be the second derivative of -2*a**3 + 10*a**2 + 23*a. What are the prime factors of n(-19)?
2, 31
Let d(x) = x**2 - 3*x - 7. Let v be d(5). Let c(u) = 10*u - 7 + 9 - 6. List the prime factors of c(v).
2, 13
Let q(t) = -t**3 + 10*t**2 + 14*t - 11. Let j be q(10). Suppose -4*a - j = -a. Let y = -14 - a. List the prime factors of y.
29
Suppose 0 = -2*j + j + 8. Suppose j*t - 4*t = 20. Suppose -t*y = 3 - 18, -86 = -2*m + 2*y. What are the prime factors of m?
2, 23
Let o(c) = -10*c - 51. Let f be o(-13). Suppose -a = 2*p - 209 - f, 137 = p - 3*a. What are the prime factors of p?
11, 13
Let g be (2/1)/((-2)/16). List the prime factors of (g/6)/(24/(-108)).
2, 3
Suppose b + 7*r - 10*r = 163, -20 = -4*r. What are the prime factors of b?
2, 89
Let t(v) = v**2 - 6*v + 7. Let c be t(9). Suppose u = -0 + c. What are the prime factors of u?
2, 17
Let x(m) = 12*m - 2. Suppose z = -2*z + 15. What are the prime factors of x(z)?
2, 29
Let g(j) = j**3 + 9*j**2 + 11*j + 9. Suppose -2*s = 8, -s - 10 = 3*x - 6*x. Suppose 0 = -x*d + 4 - 18. What are the prime factors of g(d)?
2, 3, 5
Let l(i) = -2*i - 4. Suppose -5*w - 12 = 13. Let v be l(w). What are the prime factors of 9/v - (-1)/2?
2
Let b(t) = 19*t**2 + t + 5. Let i be b(-2). Let p = -49 + i. What are the prime factors of p?
2, 3, 5
Let g = -75 + 78. Suppose s - 102 = -4*o, g*s + o + 68 = 330. List the prime factors of s.
2, 43
Suppose -4*o = h - 1589, -2*o - 3*h = 159 - 956. Suppose o = -11*j + 3730. List the prime factors of j.
3, 101
Let m = 3 + -2. Let t be m*4/((-4)/3). What are the prime factors of (-1)/t - 159/(-9)?
2, 3
Let i(l) = 5*l - 8. Let v be i(-5). Let t = v + 83. List the prime factors of t.
2, 5
Suppose -3*k = 2*w - 1745, 2*k = -2*k - 5*w + 2329. Suppose 2*m + t = 3*m - 149, -4*m + t + k = 0. List the prime factors of m.
2, 3
Let f(w) = -10*w + 14. Suppose -23 = 4*a - 5*y, 4*y + 16 = -2*a - 2. Let s be f(a). Let z = s + -48. List the prime factors of z.
2, 3
Suppose 2*b = 4*t - 74, 5*b = -5*t + 93 + 7. Suppose -t*v + 204 = -7*v. What are the prime factors of v?
17
Let r(d) = 1314*d**3 - 8*d + 7. List the prime factors of r(1).
13, 101
Let g = 741 + -254. List the prime factors of g.
487
Suppose -6 = -s - 2. Suppose -s*n = -7*n + 15. List the prime factors of ((-72)/n)/((-36)/120).
2, 3
Suppose 0*x + 1900 = -5*x. Let v be x/(-3)*15/10. Suppose 0 = -9*b + 4*b + v. What are the prime factors of b?
2, 19
Let u = -175 - -43. What are the prime factors of (2/4)/((-134)/u + -1)?
3, 11
Suppose -2*h + 1 = 4*b - 5, -2*h + 51 = -5*b. List the prime factors of h.
13
List the prime factors of (135/18)/(-15)*-4166.
2083
Suppose 119 - 47 = 6*j. Let h be -2*(-3)/j*0. Let v(b) = -b + 47. List the prime factors of v(h).
47
Suppose -90*w = -79*w - 9966. What are the prime factors of w?
2, 3, 151
Suppose g = -2*x + 803, -x + g + 399 = 2. Suppose -4*a - x = -4*d, 0 = -3*d + 5*a - 20 + 310. List the prime factors of d.
3, 5, 7
Let c = -63 - -59. List the prime factors of 12856/120 + c/30.
107
Let g(c) = 2*c**3 + 7*c - 5. Suppose -4*i + w = -11, 2*i - i - w = -1. What are the prime factors of g(i)?
151
Suppose 0 = -0*n - 2*n. Suppose -g + 21 = -n*g. Let i = -9 + g. List the prime factors of i.
2, 3
Suppose 5*k = s - 3 - 1, 5*k + 22 = -2*s. List the prime factors of (1*s)/(8/(-32)).
2, 3
Suppose -3*v = 2 + 10, -4*v = 3*y - 1232. Suppose 339 = 5*t - y. List the prime factors of t.
151
Suppose 0 = 12*n - 10*n - 3*w - 2427, -5*n + 6005 = 5*w. List the prime factors of n.
2, 3, 67
Let s(l) be the first derivative of 1/3*l**3 + 5 + 3*l - l**2. What are the prime factors of s(3)?
2, 3
Suppose -4*d = -2*y - 40, 2*d - 33 = 5*y + 59. Let x be 15/(1 - -2)*-2. Let c = x - y. List the prime factors of c.
2
Let c(a) = -3*a**3 + 7*a**2 + 6*a + 4. What are the prime factors of c(-6)?
2, 7, 31
Let i(w) = -23 - 21*w - 4 - 6*w + 3*w. What are the prime factors of i(-6)?
3, 13
Let j = -2634 + 3108. What are the prime factors of j?
2, 3, 79
Suppose -3910 = -7*t + 5*t + 2*y, 0 = t - 2*y - 1952. What are the prime factors of t?
2, 11, 89
Suppose 3*a + 5*o - 466 = -0*a, -2*o + 460 = 3*a. Suppose -l = 4*n - 56, 3*l - n + 5*n = a. List the prime factors of l.
2, 3
Let f(g) = 289*g**2 - 12*g + 7. What are the prime factors of f(2)?
17, 67
Let c be ((-63)/(-18))/((-1)/(-74)). Suppose -4*b - c = -1759. Suppose -19*l = -14*l - b. What are the prime factors of l?
3, 5
Let i(g) = -2*g**2 + 23*g - 10. Let t be i(11). Let p(q) be the second derivative of 29*q**5/20 + q**4/6 - q**3/6 - q. What are the prime factors of p(t)?
2, 3, 5
Let n be -4 - -2*(2 - -1). Let m(t) = t + t**2 - 2*t - 3*t**2 - n + 6*t**2. List the prime factors of m(3).
31
Let a(l) = -2*l + 21. Suppose -7*c = -11*c + 4. Let y be ((-13)/2)/(c/2). List the prime factors of a(y).
47
Let v(t) = 4*t**3 + 12*t**2 - 16*t - 33. Let w(o) = -6*o**3 - 18*o**2 + 24*o + 50. Let x(q) = -8*v(q) - 5*w(q)